 + 37 = -21. What is the remainder when c is divided by 16?
13
Suppose 577 - 102 = 5*o. What is the remainder when o is divided by 5?
0
Suppose 2*w - 498 = -5*s + s, -s = -5*w - 97. What is the remainder when s is divided by 5?
2
Suppose 4*w - 60 = -3*a + 2*w, -2*a = 3*w - 45. Suppose 0 = 2*o - 6*o + 84. Let v = o + -11. What is the remainder when a is divided by v?
8
Let s = 55 - 53. Suppose -s*y + 70 = 26. What is the remainder when 129 is divided by y?
19
Let x(t) be the second derivative of -19*t**3/6 + t**2/2 + 10*t. Calculate the remainder when -10 - -11 - (-56)/1 is divided by x(-1).
17
Let k(u) = -2*u + 6*u - 8*u - 5 + 2. Let h be k(-12). Let t = h + -24. What is the remainder when 40 is divided by t?
19
What is the remainder when 67 is divided by (-12)/27*(-585)/26?
7
Suppose -499 = -3*z - 4*u + 330, -4*z + 1102 = 2*u. Calculate the remainder when z is divided by 70.
65
Calculate the remainder when 429 is divided by (33 - 1)/(-7 + (-117)/(-13)).
13
Suppose 6*s - 2*s = 12, s - 37 = -2*y. What is the remainder when 81 is divided by y?
13
Suppose 0 = -3*c + 2*w + 85, 2*w + 15 = -w. What is the remainder when (3 + -6 - -1)*213/(-6) is divided by c?
21
Let d = -12 + 4. Let v(j) = 2*j - 2. Let c be v(3). What is the remainder when (d/c)/((-4)/42) is divided by 8?
5
Let r be 295/1 + 15 + -15. Suppose -8*u = -r - 9. What is the remainder when 111 is divided by u?
35
Suppose 0 = p + z - 7, 0 = 4*p - 3*z + 7. Suppose -4*j + 3*l = -p*j - 33, -4*j + 63 = -5*l. Calculate the remainder when 70 is divided by j.
10
Suppose 24 = -3*s - s. Let w = s + 9. What is the remainder when 2*10/3*w is divided by 11?
9
Let n = -17 - -23. What is the remainder when 18 is divided by n/(-2)*7/(21/(-10))?
8
Let m(u) = 2*u**2 - 35*u + 24. Let r be m(17). Suppose -43 = -r*h + 118. What is the remainder when 136 is divided by h?
21
Let v = 95 - 47. Suppose 3*u = -u + v. Let g(h) = -38*h - 129. What is the remainder when g(-4) is divided by u?
11
Let m(c) = 2*c - 35*c - 2 + 2. Suppose 0 = 2*z - y - 26, 5*z = -3*y + 6*y + 66. Calculate the remainder when m(-1) is divided by z.
9
Let q = 88 - 53. Suppose 0 = 3*s + 5*g - 287, -5*g = -3 + 28. What is the remainder when s is divided by q?
34
Let p(c) = -c**3 + 2*c**2 + 2*c + 6. Let f be p(3). Suppose -3*w = f*h - 18, -35 = -5*h + 4*w + 22. What is the remainder when h is divided by 7?
2
Suppose 5*d - 238 = 32. Let z be 39/18 - 1/6. Suppose 5*a = 3*q + 140, -z*a + 56 = 2*q + 3*q. What is the remainder when d is divided by a?
26
Let p = -1146 + 1255. Calculate the remainder when 129 is divided by p.
20
Let x be (-15)/2*(-136)/6. Suppose -i = -6*i + x. Let r = i + -11. Calculate the remainder when 43 is divided by r.
20
Let n = -474 + 526. What is the remainder when 104 is divided by n?
0
Let z be 6/(-9)*(3 - -3). Let t(f) = -f**2 - 7*f. Let d be t(z). Suppose 6 = -5*m + 16, 4*g = -2*m + d. What is the remainder when 8 is divided by g?
0
Suppose 1005 = 15*f - 2025. Let b = -37 + 88. What is the remainder when f is divided by b?
49
Calculate the remainder when 1/2*1*(-7 - -333) is divided by 34.
27
Suppose -u - 5 = y - 2*y, -20 = -4*u - 4*y. Suppose -97*m + 76*m + 27126 = 390*m. Calculate the remainder when m is divided by 0 + -1 + 18 + u.
15
Let d(w) = -w**3 + 8*w**2 + 12*w - 18. Let c be 1 + 3 + -2 + 0. Suppose -4*j + 20 = 2*k, -4 + 2 = -c*k + 2*j. What is the remainder when d(9) is divided by k?
1
Let j be ((-24)/(-10))/(2/5). Suppose 4*c = 6*c - 5*a - 48, 4*a = -2*c + 30. Calculate the remainder when 495/j*(-8)/(-12) is divided by c.
17
Calculate the remainder when 336 is divided by ((-85)/20 + 4)*-136.
30
Calculate the remainder when 286 is divided by -2*(-3 + 43 + -3)*-1.
64
Let o be (1/(1/36))/(-1). Let p(f) = 149*f - 1. Let d be p(-1). What is the remainder when 73 is divided by d/(-8) - 9/o?
16
Suppose -x = y, -x - 4*y + 9 = -0*y. Let o be (-1)/x + 4/(-3). What is the remainder when (4/(16/(-244)))/o is divided by 31?
30
Let a = -1022 + 1130. Calculate the remainder when a is divided by 99.
9
Let k(a) = 7*a**2 + 20*a - 15. Let i(r) = 2*r**2 + 5*r - 4. Let u(m) = -22*i(m) + 6*k(m). What is the remainder when 10 is divided by u(4)?
4
Suppose 35*p = 26*p + 1116. Calculate the remainder when p is divided by 25.
24
Let t(i) = -i**3 + 85*i - 15. What is the remainder when 102 is divided by t(9)?
18
Suppose 3*g + 177 = 4*a, a - g = 18 + 27. Calculate the remainder when 82 is divided by (a/(-8)*1)/(6/(-16)).
12
Let q(k) = -58*k + 539. Calculate the remainder when 28 is divided by q(9).
11
Let t(z) = -z + 4. Let f be t(6). Suppose -q + 2*q + 4 = 0. What is the remainder when 13 is divided by (-1 - f) + (0 - q)?
3
Let j(q) be the first derivative of -q**3/3 + 7*q**2/2 + q + 1. Let c = -61 + 66. Calculate the remainder when 42 is divided by j(c).
9
Suppose 4*d + 254 = 298. What is the remainder when 38 is divided by d?
5
Suppose 3*v + 281 = 4*u, -5*u - 2*v - 3*v = -360. Suppose 5*g - 34 = u. Suppose g + 119 = 5*a. Calculate the remainder when a is divided by 10.
8
Let o = 2 + -2. Suppose -2*h - 2*i - 2*i + 34 = o, -2*i + 40 = 2*h. Let f(s) = -s**3 - 10*s**2 + 8*s + 10. What is the remainder when f(-11) is divided by h?
20
Let f = 21 - 19. Suppose 0 = f*a + 3 - 45. What is the remainder when a is divided by 11?
10
Suppose -1835*c - 7572 = -1847*c. What is the remainder when c is divided by 107?
96
Let k = -239 - -116. Let t = -91 - k. What is the remainder when 157 is divided by t?
29
Let m = -11 - -20. Let h(x) = x - 1. Let t(k) = 5*k + 8. Let v(d) = -4*h(d) + t(d). Calculate the remainder when m is divided by v(-9).
0
Let y(d) = 11*d - 1. Let c be y(-2). Let b = c - 2. What is the remainder when (b - 0)/(4/(-12)) is divided by 19?
18
Let m = -29 - -51. Let g = m - 18. Calculate the remainder when (-1269)/(-12) + g/16 is divided by 27.
25
Let w(s) = -2*s - 2. Let g(o) = o**3 + o**2 - o + 44. Let u be g(0). Let d = -29 + u. What is the remainder when d is divided by w(-4)?
3
Let o = 143 - -36. Let q(f) = -3*f**2 + 30*f + 9. What is the remainder when o is divided by q(9)?
35
Suppose -23 = -x - 80. Let n = x - -138. Suppose -2*u = u - 63. What is the remainder when n is divided by u?
18
Let w = -26 - -73. Let s(d) = 137*d + 1515. What is the remainder when w is divided by s(-11)?
7
Let u = -221 + 307. Calculate the remainder when u is divided by 18.
14
Suppose 0 = -l - 6 + 16. Suppose -74 - 35 = -3*f + 4*w, 3*w = -2*f + 50. Calculate the remainder when f is divided by ((-68)/(-6))/(l/15).
14
Let q(t) be the first derivative of -7*t**2 + 3. Calculate the remainder when q(-1) is divided by ((-8)/(-3))/(-2 + 32/12).
2
Let i(u) = 37*u**3 + u**2 + u + 1. Let y be i(-1). Let p be (-1668)/(-27) - 8/y. Suppose 5*h - p = 38. Calculate the remainder when 77 is divided by h.
17
Suppose -75 + 175 = 4*h. Suppose -2 = 5*a - 3*i + 2, -2*i = -a - 5. Suppose a = -2*v + h. What is the remainder when 23 is divided by v?
11
Let p(i) = i**2 + 7*i - 4. Calculate the remainder when 72 is divided by p(3).
20
Let c(n) = -n**3 + 5*n**2 + 20*n - 62. Calculate the remainder when c(6) is divided by 14.
8
Let j(r) = 12*r**2 - 87*r + 11. Calculate the remainder when j(8) is divided by (0 + -1)*-1*17.
15
Suppose 18 = 3*o - 45. Calculate the remainder when (-2 - 60/(-27)) + 2600/45 is divided by o.
16
Let b(o) = -o**2 - 37*o - 238. Calculate the remainder when 753 is divided by b(-9).
11
Suppose -14*u = -29 - 13. What is the remainder when 3 is divided by u?
0
Let y = -446 + 480. What is the remainder when 156 is divided by y?
20
Let d(x) = x**3 - 2*x**2 + 3*x - 4. Let i be d(2). Suppose -3*s + i*n = -111, 0 = 4*s + 2*n - 10 - 124. Calculate the remainder when 243 is divided by s.
33
Let a(y) = -y**3 + 52*y**2 - 61*y + 571. Calculate the remainder when 485 is divided by a(51).
58
Let k(h) = -11*h + 484. Calculate the remainder when 60 is divided by k(43).
5
Let z = -490 + 649. What is the remainder when z is divided by 7?
5
Suppose 5*y - 51 = 2*i + 415, 0 = 3*y + 4*i - 290. Suppose -3*x = -u + 39, 5*u = -3*x + 5*x + 130. What is the remainder when y is divided by u?
22
Let z(d) = -d**2 - 22*d + 3. Let f be z(-22). Suppose -4*q - f = -11. What is the remainder when 16 is divided by q?
0
Let p(r) be the first derivative of -r**2/2 + 7*r + 5. Calculate the remain